hat are the prime factors of y?
23
Suppose -6484 = 796*a - 800*a. What are the prime factors of a?
1621
Suppose 0*c - 4*r + 114 = -2*c, -4*c + 5*r - 237 = 0. Let w = 239 + c. What are the prime factors of w?
2, 11
What are the prime factors of (-13134)/(-253) - ((-270)/(-69) - 4)?
2, 13
Let q be (-497)/28 - 3/12. What are the prime factors of (-6)/(-27) + (-896)/q?
2, 5
Let d(q) = 32*q**3 - 8*q**2 + 3*q - 5. Let y(c) = -32*c**3 + 7*c**2 - 2*c + 4. Let a(b) = 4*d(b) + 5*y(b). List the prime factors of a(-2).
2, 3, 11
Suppose 0*m = 3*m + 18. Let s(h) = -8*h - 18. Let y(j) = j + 1. Let t(x) = s(x) - 3*y(x). List the prime factors of t(m).
3, 5
Let z(s) = -450*s + 65. What are the prime factors of z(-6)?
5, 7, 79
Let o be -35 + 3 + -2 - -1. Let u(n) = 2*n - 36. Let f be u(17). What are the prime factors of (f/3)/(11/o)?
2
Let j(w) = -7*w**3 - w**2 + 3*w + 15. Let r(l) = -4*l**3 - 2*l**2 - 7*l**3 + 23 + 0*l**2 + 5*l. Let k(s) = -8*j(s) + 5*r(s). List the prime factors of k(4).
31
Let x be (-7 - -6)/((-1)/(-33)). Let p = 17 + x. Let o = 0 - p. List the prime factors of o.
2
Let z = 509 + 99. List the prime factors of z.
2, 19
Suppose -2*j + 171 = 3*a, 2*j - 4*j = -5*a - 211. Let k = 161 - j. List the prime factors of k.
2, 17
Let d(t) = 2*t + 2. Let x be d(-1). Suppose 1 = 2*u - 3*f + 3, x = -2*u + f + 2. What are the prime factors of u?
2
Suppose -v - 5*q = -16, -v = -2*v + q - 2. Let p be (15/6)/(43/(-14) - -3). What are the prime factors of (-2)/v + (1 - p)?
2, 17
Let s(j) = -j**2 - j + 28. Let x be s(0). Suppose -4*d + x = 2*g, -2*d + 10 = -d + 2*g. Suppose o + 75 = d*o. List the prime factors of o.
3, 5
Let x(z) = z - 11. Let i be x(8). Let s(d) = -d**2 + 2*d - 3. Let g be s(i). List the prime factors of 4*1/(-8)*g.
3
Let a = -6 - -333. Suppose 0 = -5*h + 138 + a. What are the prime factors of h?
3, 31
Let z be (-1)/(5/770*-2). Suppose z = 2*b - d, 0 = 4*b + b - d - 191. What are the prime factors of b?
2, 19
Let p = -25 + 21. What are the prime factors of (614/p)/(-1) - (-1)/(-2)?
3, 17
Suppose -5*s = 4*j - 3*s - 3038, -j - 5*s = -755. What are the prime factors of j?
2, 5, 19
Suppose 30 = a + 26. What are the prime factors of 40 - (-4 + -3 + a)?
43
Let a be (6 - 6)*(-2)/(-2). Suppose 362 = 5*i - 2*s + 107, -5*s = a. Let j = i - 30. What are the prime factors of j?
3, 7
Let c = 5741 - -198. List the prime factors of c.
5939
Suppose 20*r + 3*k - 2755 = 18*r, -r = 2*k - 1378. What are the prime factors of r?
2, 43
Suppose -4*i = -5*g + 1348, -6*g + g + 2*i + 1344 = 0. List the prime factors of g.
2, 67
Let v = 110 - 110. Suppose -3*x - m = -5*m - 237, 3*x - 5*m - 240 = v. List the prime factors of x.
3, 5
Suppose 5*o + 361 = -139. Let w = o + 158. What are the prime factors of w?
2, 29
Let h be ((-16)/(-14))/((-4)/(-14)). Let o(z) = 2*z**3 - 6*z**2 + 3*z - 6. Let u be o(h). Let y = -16 + u. What are the prime factors of y?
2, 11
Let c(y) = 2*y - 11. Let p be c(12). Let u = -10 + p. Suppose -u*r + 87 = -0*b + 3*b, -5*b + 117 = 4*r. List the prime factors of r.
2, 7
Let z = -11 + 27. Let a = z - 13. Let v = a + 5. What are the prime factors of v?
2
Suppose 2*m - 113 = o, 3*o = -3*m + 4*o + 170. Let w(c) = -3*c + 13. Let d be w(11). List the prime factors of (d/30)/((-2)/m).
19
Let f = -42 + 210. Suppose 0 = -4*v - f - 60. Let u = 83 + v. What are the prime factors of u?
2, 13
Suppose -5*f = 4*z - 67, 5*z - 4*f + 0*f - 53 = 0. What are the prime factors of (80/(-6))/(z/(-195))?
2, 5
Let i(v) = 2*v - v - 2*v + 29 - 9. List the prime factors of i(10).
2, 5
Let n be 38 - -6*3/6. Let w = n - -34. List the prime factors of w.
3, 5
Let p(d) = -d**3 - 5*d**2 + 2. Let o be p(-5). Let q(u) = 7 + 6*u + o*u**2 - 14*u + 7*u. List the prime factors of q(-3).
2, 7
Let j(a) = a**3 + 16*a**2 - 125*a - 44. What are the prime factors of j(-19)?
2, 3, 13
Suppose -j - j + 8 = 0. Suppose d - j = -3. Suppose -i - 2*f + d + 52 = 0, 3*i = 5*f + 159. List the prime factors of i.
53
Let n = -216 + 2556. What are the prime factors of n?
2, 3, 5, 13
Suppose 4*d + 31 = h - 2, 3*h + d = 47. Let t(b) = 2*b**3 - 3*b**2. Let c be t(2). Suppose -c*r + h = -11. List the prime factors of r.
7
Let f = 53 - 48. Suppose -f*a + 61 = -259. List the prime factors of a.
2
Suppose n + 5*s - 335 = 0, 2*n + 3*n - 4*s - 1704 = 0. List the prime factors of n.
2, 5, 17
Suppose 2*l + 13051 = 5*a, -3*a = -6*a + 2*l + 7833. What are the prime factors of a?
2609
Let c = -2271 - -4521. List the prime factors of c.
2, 3, 5
Let q = -39 + 33. Let s(w) = -2*w + 15. List the prime factors of s(q).
3
Let l be -3 + 2/(-8)*0. Let a(j) = j**2 + 2*j. Let b be a(l). Suppose -b*h - h = -112. What are the prime factors of h?
2, 7
Suppose 4 + 2 = -2*b. Let o(i) = i**2 + 3*i - 3. Let h be o(b). What are the prime factors of (5*-9)/h - 0?
3, 5
Suppose 0 = 46*t - 21*t - 82150. What are the prime factors of t?
2, 31, 53
What are the prime factors of ((-1)/(-1) - -6373)/((-32)/(-16))?
3187
Let w(q) = -4*q**3 + q**2 + 4*q - 2. Let p(r) = 7*r**3 - 2*r**2 + 0*r**2 - 9*r + 5 - r**2. Let s(k) = -3*p(k) - 5*w(k). What are the prime factors of s(5)?
5
Let r(h) = -h**3 - 7*h**2 - h. Let a be r(-5). List the prime factors of (-603)/a - 2/5.
13
Suppose -4*f + 6729 = -f - a, -2*f - 5*a + 4469 = 0. What are the prime factors of f?
2, 19, 59
List the prime factors of 3 + (4/(-10))/(5/(-12050)).
967
Suppose -11*n + 15 = -8*n. Let r(t) = t**2 - 2*t - 10. Let j be r(n). Suppose 2*d - j*d + 93 = 0. What are the prime factors of d?
31
Let r(d) = -d**3 + 16*d**2 + 12*d + 26. List the prime factors of r(15).
431
What are the prime factors of 3/(-6) - 3897/(-54)*15?
2, 541
Let i be ((-3)/(-2))/(1/(-10)). What are the prime factors of (20 + i)*9/5?
3
Let s(x) = -22*x**3 - x**2 - x - 1. Let g be s(-1). List the prime factors of 1394/14 + (-12)/g.
3, 11
Let q be 2/((-14)/28 - 18/(-32)). List the prime factors of q/(-12)*(-402)/8 - -1.
3, 5
What are the prime factors of 10308/13 + 25/325?
13, 61
Let g = -700 + 942. List the prime factors of g.
2, 11
Suppose 0 = -l - 0 + 2. Suppose -69 = -2*m + 7*f - l*f, 93 = 4*m - f. Let x = 36 - m. What are the prime factors of x?
2, 7
Suppose -6*h + 14850 + 4019 = -j, 0 = -3*h + 4*j + 9452. List the prime factors of h.
2, 3, 131
Suppose 164232 = 36*k + 43848. List the prime factors of k.
2, 11, 19
Let w(v) be the second derivative of 23*v**4/6 - v**3/2 - 5*v**2 + 5*v. What are the prime factors of w(-2)?
2, 3, 5
Suppose -5682 = -11*u - 1425. List the prime factors of u.
3, 43
Let l(v) = -v**3 + 10*v**2 - 7*v - 11. Let n(d) = d**3 - 10*d**2 + 11*d - 9. Let o be n(9). What are the prime factors of l(o)?
7
List the prime factors of (-6)/(-150)*15 - (-18144)/10.
3, 5, 11
Let h(y) = -181*y**3 + 2*y**2 + y. Let u(i) = -6*i - 1. Let k be u(0). What are the prime factors of h(k)?
2, 7, 13
Suppose -4*d - 3*n + 2*n + 840 = 0, -3*d - 3*n = -630. Suppose 4*z - d = 2*b + 3*b, z + b = 57. What are the prime factors of z?
5, 11
Suppose -5*c + 8*q + 6230 = 10*q, 2*q = -3*c + 3734. List the prime factors of c.
2, 3, 13
Let n = -1852 + 3352. What are the prime factors of n?
2, 3, 5
Let u(r) = 2*r**3 - 106*r + 843. List the prime factors of u(9).
3, 449
Let h(f) = -264*f + 107. What are the prime factors of h(-21)?
5651
Suppose -524 = 5*x - 3439. List the prime factors of x.
11, 53
Let q be ((-24)/(-9))/((-4)/(-6)). Suppose 3*i + 261 = q*t, 0*t - i + 60 = t. Let o = t + -43. What are the prime factors of o?
2, 5
Suppose -2 - 1 = 3*c. Let t = 3 - c. Suppose 5*d = -4*i + 133, -2*d + t + 38 = -4*i. What are the prime factors of d?
5
Let a(z) = -2*z - 11. Let i = -4 - 4. Let t be a(i). Suppose -5*r = d - 26, t*r + 3*d + 6 = 4*r. List the prime factors of r.
2, 3
Suppose -5*l + 4028 = -3*v, -v - 2420 = -19*l + 16*l. What are the prime factors of l?
2, 101
Let h(r) = -7*r + 6*r**2 + 1 + 4*r**2 + 29*r**2 + 1. Let j(b) = -116*b**2 + 20*b - 6. Let k(u) = -11*h(u) - 4*j(u). List the prime factors of k(1).
2, 17
Let j(w) = w**2 + 6*w - 2. Let y be j(-7). Let g be (-4)/(-10) + 98/y. List the prime factors of g - ((-24)/(-2))/4.
17
Let l(f) = 3*f**3 + 94*f**2 + 16*f - 73. What are the prime factors of l(-31)?
2, 7
Let b = -39 + 148. List the prime factors of b.
109
Let g(f) = -82*f + 3. Suppose -8*a = -7*a + 1. What are the prime fact